{"id":80,"date":"2024-05-06T15:17:27","date_gmt":"2024-05-06T15:17:27","guid":{"rendered":"https:\/\/fablab.diseno.udd.cl\/nuevaweb\/?page_id=80"},"modified":"2026-03-24T08:27:22","modified_gmt":"2026-03-24T12:27:22","slug":"inicio","status":"publish","type":"page","link":"https:\/\/fablab.diseno.udd.cl\/nuevaweb\/","title":{"rendered":"Taller de Fabricaci\u00f3n Digital &#8211; DISE\u00d1O UDD"},"content":{"rendered":"\n<div class=\"wp-block-group alignfull has-accent-5-background-color has-background has-global-padding is-layout-constrained wp-container-core-group-is-layout-d89aad35 wp-block-group-is-layout-constrained\" style=\"margin-top:0;margin-bottom:0;padding-top:var(--wp--preset--spacing--50);padding-right:var(--wp--preset--spacing--50);padding-bottom:var(--wp--preset--spacing--50);padding-left:var(--wp--preset--spacing--50)\">\n<div class=\"wp-block-columns alignwide is-layout-flex wp-container-core-columns-is-layout-1da03c2a wp-block-columns-is-layout-flex\">\n<div class=\"wp-block-column is-vertically-aligned-center is-layout-flow wp-block-column-is-layout-flow\" style=\"flex-basis:60%\">\n<figure class=\"wp-block-image size-full is-style-rounded wp-duotone-duotone-1 is-style-rounded--1\"><img loading=\"lazy\" decoding=\"async\" width=\"1200\" height=\"800\" src=\"https:\/\/fablab.diseno.udd.cl\/nuevaweb\/wp-content\/uploads\/2024\/05\/image.webp\" alt=\"White abstract geometric artwork from Dresden, Germany\" class=\"wp-image-81\" style=\"aspect-ratio:4\/3;object-fit:cover\"\/><\/figure>\n<\/div>\n\n\n\n<div class=\"wp-block-column is-layout-flow wp-block-column-is-layout-flow\" style=\"flex-basis:40%\">\n<h2 class=\"wp-block-heading\">Bienvenido<\/h2>\n\n\n\n<p>Para usar el&nbsp;<strong>Taller de Fabricaci\u00f3n Digital<\/strong>&nbsp;de la facultad de Dise\u00f1o, primero debes cumplir con una <strong>inducci\u00f3n por maquina<\/strong> la cual la podr\u00e1s agendar dentro de la semana entre las<strong>&nbsp;9:00 y las 13:00<\/strong>. Recuerda llevar tu carnet de la Universidad, y acreditar que eres alumno regular de Dise\u00f1o UDD, se exigir\u00e1 al momento de reservar una inducci\u00f3n.<\/p>\n\n\n\n<p><strong><em>La apertura de nuevas inducciones en distintos horarios se realiza de manera presencial en el taller, con grupos de entre 4 y 6 personas.<\/em><\/strong><\/p>\n\n\n\n<div class=\"wp-block-buttons is-layout-flex wp-block-buttons-is-layout-flex\">\n<div class=\"wp-block-button\"><a class=\"wp-block-button__link wp-element-button\" href=\"https:\/\/fablab.diseno.udd.cl\/nuevaweb\/?page_id=37\">NUEVA TOMA DE HORA<\/a><\/div>\n<\/div>\n\n\n\n<div class=\"wp-block-buttons is-layout-flex wp-block-buttons-is-layout-flex\">\n<div class=\"wp-block-button is-style-fill\"><a class=\"wp-block-button__link wp-element-button\" href=\"https:\/\/fablab.diseno.udd.cl\/nuevaweb\/?page_id=122\">INDUCCIONES &#8211; EVENTOS<\/a><\/div>\n<\/div>\n<\/div>\n<\/div>\n<\/div>\n\n\n\n<div class=\"wp-block-group alignfull has-base-color has-contrast-background-color has-text-color has-background has-link-color wp-elements-3defc61c3fba645c82cc510203c005e7 has-global-padding is-layout-constrained wp-container-core-group-is-layout-d89aad35 wp-block-group-is-layout-constrained\" style=\"margin-top:0;margin-bottom:0;padding-top:var(--wp--preset--spacing--50);padding-right:var(--wp--preset--spacing--50);padding-bottom:var(--wp--preset--spacing--50);padding-left:var(--wp--preset--spacing--50)\">\n<div class=\"wp-block-group alignwide is-layout-flow wp-block-group-is-layout-flow\">\n<hr class=\"wp-block-separator has-text-color has-base-color has-alpha-channel-opacity has-base-background-color has-background is-style-wide\"\/>\n\n\n\n<details class=\"wp-block-details is-style-arrow-icon-details has-medium-font-size is-layout-flow wp-block-details-is-layout-flow\" style=\"border-top-style:none;border-top-width:0px;border-right-style:none;border-right-width:0px;border-bottom-color:var(--wp--preset--color--base);border-bottom-style:solid;border-bottom-width:1px;border-left-style:none;border-left-width:0px;margin-top:0\"><summary>IMPORTANTE<\/summary>\n<ul class=\"wp-block-list\">\n<li>Debes ser alumno de la <strong>Carrera de Dise\u00f1o<\/strong> y contar con la <strong>inducci\u00f3n<\/strong> a la maquina que necesitas ocupar.<\/li>\n\n\n\n<li>Debes reservar con tu correo <strong>@UDD<\/strong><\/li>\n\n\n\n<li>Las inducciones y ayudas puedes pedirlas solo en las ma\u00f1anas, en las tardes somos 100% producci\u00f3n. (Recuerda armar un grupo de 2 a 4 alumnos)<\/li>\n\n\n\n<li>No realizar trabajos que no sean parte de un ejercicio acad\u00e9mico de esta Universidad.<\/li>\n\n\n\n<li>No puedes reservar ni cancelar por otra persona.<\/li>\n\n\n\n<li>La omisi\u00f3n, tergiversaci\u00f3n o suministro de informaci\u00f3n incorrecta en el formulario llevar\u00e1 autom\u00e1ticamente a que el alumno sea sancionado.<\/li>\n\n\n\n<li>Recuerda pedir la hora con un m\u00ednimo de un d\u00eda h\u00e1bil de anticipaci\u00f3n.<\/li>\n\n\n\n<li>La hora <strong>NO<\/strong> queda inmediatamente tomada, debes esperar una confirmaci\u00f3n.<\/li>\n\n\n\n<li>Los correos y formularios se responden y reservan por orden de llegada y dentro de la semana laboral.<\/li>\n\n\n\n<li>Recuerda LLEGAR A LA HORA o 10 min antes, ya que un atraso significa p\u00e9rdida de la hora. (Sin excepciones)<\/li>\n\n\n\n<li>Para cancelar una hora reservada, debe ser con un m\u00ednimo de 24 hrs de anticipaci\u00f3n.<\/li>\n\n\n\n<li>Dudas y cancelaci\u00f3n de horas a: maberrios@udd.cl<\/li>\n<\/ul>\n<\/details>\n\n\n\n<details class=\"wp-block-details is-style-arrow-icon-details has-medium-font-size is-layout-flow wp-block-details-is-layout-flow\" style=\"border-top-style:none;border-top-width:0px;border-right-style:none;border-right-width:0px;border-bottom-color:var(--wp--preset--color--base);border-bottom-style:solid;border-bottom-width:1px;border-left-style:none;border-left-width:0px;margin-top:0\"><summary>SEGURIDAD &#8211; CNC L\u00c1SER<\/summary>\n<p><strong>1.-&nbsp;<\/strong>Ser\u00e1 requisito el uso de zapatos de seguridad, tanto en el interior, como en el exterior del taller. Queda estrictamente prohibido el ingreso con hawaianas o cualquier tipo de zapato abierto.<\/p>\n\n\n\n<p><strong>2.-&nbsp;<\/strong>Se proh\u00edbe el uso de aud\u00edfonos o cualquier elemento que no permita estar atento al entorno.<\/p>\n\n\n\n<p><strong>3.-<\/strong>&nbsp;Se proh\u00edbe comer y fumar en el taller de Fabricaci\u00f3n Digital.<\/p>\n\n\n\n<p><strong>4.-<\/strong>&nbsp;Se proh\u00edbe el uso de pelo suelto y accesorios colgantes como bufandas, collares, etc.<\/p>\n\n\n\n<p><strong>5.-<\/strong>&nbsp;Se atender\u00e1 y respetar\u00e1 la se\u00f1al\u00e9tica de seguridad instalada en el taller.<\/p>\n\n\n\n<p><strong>6.-&nbsp;<\/strong>Queda prohibido dejar material en los pisos, pasillos o corredores del taller.<\/p>\n\n\n\n<p><strong>7.-&nbsp;<\/strong>El encargado del taller est\u00e1 facultado para impedir el ingreso a las instalaciones y uso de maquinaria o herramientas a quienes no cumplan con este instructivo.<\/p>\n<\/details>\n\n\n\n<details class=\"wp-block-details is-style-arrow-icon-details has-medium-font-size is-layout-flow wp-block-details-is-layout-flow\" style=\"border-top-style:none;border-top-width:0px;border-right-style:none;border-right-width:0px;border-bottom-color:var(--wp--preset--color--base);border-bottom-style:solid;border-bottom-width:1px;border-left-style:none;border-left-width:0px;margin-top:0\"><summary>SEGURIDAD &#8211; CNC ROUTER<\/summary>\n<p><strong>1.-&nbsp;<\/strong>El uso de implementos de seguridad, como lentes protectores, orejeras y overol es de car\u00e1cter obligatorio y ser\u00e1 exigido tanto al interior como en los espacios exteriores del taller de Fabricaci\u00f3n Digital.<\/p>\n\n\n\n<p><strong>2.-&nbsp;<\/strong>Ser\u00e1 requisito el uso de zapatos de seguridad, tanto en el interior, como en el exterior del taller. Queda estrictamente prohibido el ingreso con hawaianas o cualquier tipo de zapato abierto.<\/p>\n\n\n\n<p><strong>3.-&nbsp;<\/strong>Se proh\u00edbe el uso de aud\u00edfonos o cualquier elemento que no permita estar atento al entorno.<\/p>\n\n\n\n<p><strong>4.-<\/strong>&nbsp;Se proh\u00edbe comer y fumar en el taller de Fabricaci\u00f3n Digital.<\/p>\n\n\n\n<p><strong>5.-<\/strong>&nbsp;Se proh\u00edbe el uso de pelo suelto y accesorios colgantes como bufandas, collares, etc.<\/p>\n\n\n\n<p><strong>6.-<\/strong>&nbsp;Se atender\u00e1 y respetar\u00e1 la se\u00f1al\u00e9tica de seguridad instalada en el taller.<\/p>\n\n\n\n<p><strong>7.-&nbsp;<\/strong>Queda prohibido dejar material en los pisos, pasillos o corredores del taller.<\/p>\n\n\n\n<p><strong>8.-&nbsp;<\/strong>El encargado del taller est\u00e1 facultado para impedir el ingreso a las instalaciones y uso de maquinaria o herramientas a quienes no cumplan con este instructivo.<\/p>\n<\/details>\n\n\n\n<details class=\"wp-block-details is-style-arrow-icon-details has-medium-font-size is-layout-flow wp-block-details-is-layout-flow\" style=\"border-top-style:none;border-top-width:0px;border-right-style:none;border-right-width:0px;border-bottom-color:var(--wp--preset--color--base);border-bottom-style:solid;border-bottom-width:1px;border-left-style:none;border-left-width:0px;margin-top:0\"><summary>Normativa \u2013 Taller de Fabricaci\u00f3n Digital<\/summary>\n<ul class=\"wp-block-list\">\n<li>1.-&nbsp;S\u00f3lo podr\u00e1n utilizar el&nbsp;<strong>Taller de Fabricaci\u00f3n Digital<\/strong>&nbsp;alumnos regulares de la&nbsp;<strong>Facultad de Dise\u00f1o<\/strong>&nbsp;que hayan participado en las capacitaciones de prevenci\u00f3n de riesgos, por lo que se solicitar\u00e1 Credencial Universitaria o Carnet de Identidad, el que ser\u00e1 registrado por el encargado del taller.<\/li>\n\n\n\n<li>2.-&nbsp;Respecto a la toma de horas para el uso del taller, el alumno deber\u00e1 agendar una hora con anticipaci\u00f3n seg\u00fan lo establecido en el protocolo del uso del taller de Fabricaci\u00f3n Digital.<\/li>\n\n\n\n<li>3.-&nbsp;El alumno deber\u00e1 estar presente en el taller durante el tiempo de ejecuci\u00f3n del trabajo (corte l\u00e1ser y mecanizado router)<\/li>\n\n\n\n<li>4.-&nbsp;El taller s\u00f3lo podr\u00e1 ser utilizado en presencia del encargado del taller.<\/li>\n\n\n\n<li>5.-&nbsp;Cada alumno es responsable de las herramientas que utilice, \u00e9stas siempre deben ser solicitadas y entregadas al encargado del taller de Fabricaci\u00f3n Digital.<\/li>\n\n\n\n<li>6.-&nbsp;El taller de Fabricaci\u00f3n Digital no cuenta con material de desgaste (Maderas, brocas, lijas, adhesivos, pinturas, etc.) Tanto el material a mecanizar, como el material de desgaste debe ser provisto por el alumno.<\/li>\n\n\n\n<li>7.-&nbsp;El taller de Fabricaci\u00f3n Digital no cuenta con espacio de bodegaje, por lo que no es posible almacenar trabajos en desarrollo en el interior de \u00e9ste. S\u00f3lo el material a ser mecanizado, podr\u00e1 ser almacenado de manera previa a la ejecuci\u00f3n de los trabajos. El encargado del taller tendr\u00e1 la facultad de decidir la disponibilidad de espacio para este fin. De la misma manera, el encargado del taller podr\u00e1 eliminar de su interior material sin identificaci\u00f3n y retazos.<\/li>\n\n\n\n<li>8.-&nbsp;Se debe ayudar a mantener el orden y aseo del taller, adem\u00e1s de cuidar tanto los implementos como equipos utilizados.<\/li>\n<\/ul>\n<\/details>\n\n\n\n<div style=\"margin-top:var(--wp--preset--spacing--10);margin-bottom:0;height:var(--wp--preset--spacing--10)\" aria-hidden=\"true\" class=\"wp-block-spacer\"><\/div>\n<\/div>\n\n\n\n<h2 class=\"wp-block-heading alignwide has-base-color has-text-color has-link-color wp-elements-c9b5699bdecff18878afa112249018b5\" style=\"font-size:clamp(4.509rem, 4.509rem + ((1vw - 0.2rem) * 9.152), 10rem);letter-spacing:-0.02em\">FAQs<\/h2>\n<\/div>\n","protected":false},"excerpt":{"rendered":"<p>Bienvenido Para usar el&nbsp;Taller de Fabricaci\u00f3n Digital&nbsp;de la facultad de Dise\u00f1o, primero debes cumplir con una inducci\u00f3n por maquina la cual la podr\u00e1s agendar dentro de la semana entre las&nbsp;9:00 y las 13:00. Recuerda llevar tu carnet de la Universidad, y acreditar que eres alumno regular de Dise\u00f1o UDD, se exigir\u00e1 al momento de reservar [&hellip;]<\/p>\n","protected":false},"author":1,"featured_media":0,"parent":0,"menu_order":0,"comment_status":"closed","ping_status":"closed","template":"","meta":{"footnotes":""},"class_list":["post-80","page","type-page","status-publish","hentry"],"jetpack_sharing_enabled":true,"_links":{"self":[{"href":"https:\/\/fablab.diseno.udd.cl\/nuevaweb\/index.php?rest_route=\/wp\/v2\/pages\/80","targetHints":{"allow":["GET"]}}],"collection":[{"href":"https:\/\/fablab.diseno.udd.cl\/nuevaweb\/index.php?rest_route=\/wp\/v2\/pages"}],"about":[{"href":"https:\/\/fablab.diseno.udd.cl\/nuevaweb\/index.php?rest_route=\/wp\/v2\/types\/page"}],"author":[{"embeddable":true,"href":"https:\/\/fablab.diseno.udd.cl\/nuevaweb\/index.php?rest_route=\/wp\/v2\/users\/1"}],"replies":[{"embeddable":true,"href":"https:\/\/fablab.diseno.udd.cl\/nuevaweb\/index.php?rest_route=%2Fwp%2Fv2%2Fcomments&post=80"}],"version-history":[{"count":34,"href":"https:\/\/fablab.diseno.udd.cl\/nuevaweb\/index.php?rest_route=\/wp\/v2\/pages\/80\/revisions"}],"predecessor-version":[{"id":212,"href":"https:\/\/fablab.diseno.udd.cl\/nuevaweb\/index.php?rest_route=\/wp\/v2\/pages\/80\/revisions\/212"}],"wp:attachment":[{"href":"https:\/\/fablab.diseno.udd.cl\/nuevaweb\/index.php?rest_route=%2Fwp%2Fv2%2Fmedia&parent=80"}],"curies":[{"name":"wp","href":"https:\/\/api.w.org\/{rel}","templated":true}]}}

Taller de Fabricación Digital &#8211; DISEÑO UDD

<div class="wp-block-group alignfull has-accent-5-background-color has-background has-global-padding is-layout-constrained wp-container-core-group-is-layout-d89aad35 wp-block-group-is-layout-constrained" style="margin-top:0;margin-bottom:0;padding-top:var(--wp--preset--spacing--50);padding-right:var(--wp--preset--spacing--50);padding-bottom:var(--wp--preset--spacing--50);padding-left:var(--wp--preset--spacing--50)">
<div class="wp-block-columns alignwide is-layout-flex wp-container-core-columns-is-layout-1da03c2a wp-block-columns-is-layout-flex">
<div class="wp-block-column is-vertically-aligned-center is-layout-flow wp-block-column-is-layout-flow" style="flex-basis:60%">
<figure class="wp-block-image size-full is-style-rounded wp-duotone-duotone-1 is-style-rounded--1"><img loading="lazy" decoding="async" width="1200" height="800" src="https://fablab.diseno.udd.cl/nuevaweb/wp-content/uploads/2024/05/image.webp" alt="White abstract geometric artwork from Dresden, Germany" class="wp-image-81" style="aspect-ratio:4/3;object-fit:cover"/></figure>
</div>



<div class="wp-block-column is-layout-flow wp-block-column-is-layout-flow" style="flex-basis:40%">
<h2 class="wp-block-heading">Bienvenido</h2>



<p>Para usar el&nbsp;<strong>Taller de Fabricación Digital</strong>&nbsp;de la facultad de Diseño, primero debes cumplir con una <strong>inducción por maquina</strong> la cual la podrás agendar dentro de la semana entre las<strong>&nbsp;9:00 y las 13:00</strong>. Recuerda llevar tu carnet de la Universidad, y acreditar que eres alumno regular de Diseño UDD, se exigirá al momento de reservar una inducción.</p>



<p><strong><em>La apertura de nuevas inducciones en distintos horarios se realiza de manera presencial en el taller, con grupos de entre 4 y 6 personas.</em></strong></p>



<div class="wp-block-buttons is-layout-flex wp-block-buttons-is-layout-flex">
<div class="wp-block-button"><a class="wp-block-button__link wp-element-button" href="https://fablab.diseno.udd.cl/nuevaweb/?page_id=37">NUEVA TOMA DE HORA</a></div>
</div>



<div class="wp-block-buttons is-layout-flex wp-block-buttons-is-layout-flex">
<div class="wp-block-button is-style-fill"><a class="wp-block-button__link wp-element-button" href="https://fablab.diseno.udd.cl/nuevaweb/?page_id=122">INDUCCIONES &#8211; EVENTOS</a></div>
</div>
</div>
</div>
</div>



<div class="wp-block-group alignfull has-base-color has-contrast-background-color has-text-color has-background has-link-color wp-elements-3defc61c3fba645c82cc510203c005e7 has-global-padding is-layout-constrained wp-container-core-group-is-layout-d89aad35 wp-block-group-is-layout-constrained" style="margin-top:0;margin-bottom:0;padding-top:var(--wp--preset--spacing--50);padding-right:var(--wp--preset--spacing--50);padding-bottom:var(--wp--preset--spacing--50);padding-left:var(--wp--preset--spacing--50)">
<div class="wp-block-group alignwide is-layout-flow wp-block-group-is-layout-flow">
<hr class="wp-block-separator has-text-color has-base-color has-alpha-channel-opacity has-base-background-color has-background is-style-wide"/>



<details class="wp-block-details is-style-arrow-icon-details has-medium-font-size is-layout-flow wp-block-details-is-layout-flow" style="border-top-style:none;border-top-width:0px;border-right-style:none;border-right-width:0px;border-bottom-color:var(--wp--preset--color--base);border-bottom-style:solid;border-bottom-width:1px;border-left-style:none;border-left-width:0px;margin-top:0"><summary>IMPORTANTE</summary>
<ul class="wp-block-list">
<li>Debes ser alumno de la <strong>Carrera de Diseño</strong> y contar con la <strong>inducción</strong> a la maquina que necesitas ocupar.</li>



<li>Debes reservar con tu correo <strong>@UDD</strong></li>



<li>Las inducciones y ayudas puedes pedirlas solo en las mañanas, en las tardes somos 100% producción. (Recuerda armar un grupo de 2 a 4 alumnos)</li>



<li>No realizar trabajos que no sean parte de un ejercicio académico de esta Universidad.</li>



<li>No puedes reservar ni cancelar por otra persona.</li>



<li>La omisión, tergiversación o suministro de información incorrecta en el formulario llevará automáticamente a que el alumno sea sancionado.</li>



<li>Recuerda pedir la hora con un mínimo de un día hábil de anticipación.</li>



<li>La hora <strong>NO</strong> queda inmediatamente tomada, debes esperar una confirmación.</li>



<li>Los correos y formularios se responden y reservan por orden de llegada y dentro de la semana laboral.</li>



<li>Recuerda LLEGAR A LA HORA o 10 min antes, ya que un atraso significa pérdida de la hora. (Sin excepciones)</li>



<li>Para cancelar una hora reservada, debe ser con un mínimo de 24 hrs de anticipación.</li>



<li>Dudas y cancelación de horas a: maberrios@udd.cl</li>
</ul>
</details>



<details class="wp-block-details is-style-arrow-icon-details has-medium-font-size is-layout-flow wp-block-details-is-layout-flow" style="border-top-style:none;border-top-width:0px;border-right-style:none;border-right-width:0px;border-bottom-color:var(--wp--preset--color--base);border-bottom-style:solid;border-bottom-width:1px;border-left-style:none;border-left-width:0px;margin-top:0"><summary>SEGURIDAD &#8211; CNC LÁSER</summary>
<p><strong>1.-&nbsp;</strong>Será requisito el uso de zapatos de seguridad, tanto en el interior, como en el exterior del taller. Queda estrictamente prohibido el ingreso con hawaianas o cualquier tipo de zapato abierto.</p>



<p><strong>2.-&nbsp;</strong>Se prohíbe el uso de audífonos o cualquier elemento que no permita estar atento al entorno.</p>



<p><strong>3.-</strong>&nbsp;Se prohíbe comer y fumar en el taller de Fabricación Digital.</p>



<p><strong>4.-</strong>&nbsp;Se prohíbe el uso de pelo suelto y accesorios colgantes como bufandas, collares, etc.</p>



<p><strong>5.-</strong>&nbsp;Se atenderá y respetará la señalética de seguridad instalada en el taller.</p>



<p><strong>6.-&nbsp;</strong>Queda prohibido dejar material en los pisos, pasillos o corredores del taller.</p>



<p><strong>7.-&nbsp;</strong>El encargado del taller está facultado para impedir el ingreso a las instalaciones y uso de maquinaria o herramientas a quienes no cumplan con este instructivo.</p>
</details>



<details class="wp-block-details is-style-arrow-icon-details has-medium-font-size is-layout-flow wp-block-details-is-layout-flow" style="border-top-style:none;border-top-width:0px;border-right-style:none;border-right-width:0px;border-bottom-color:var(--wp--preset--color--base);border-bottom-style:solid;border-bottom-width:1px;border-left-style:none;border-left-width:0px;margin-top:0"><summary>SEGURIDAD &#8211; CNC ROUTER</summary>
<p><strong>1.-&nbsp;</strong>El uso de implementos de seguridad, como lentes protectores, orejeras y overol es de carácter obligatorio y será exigido tanto al interior como en los espacios exteriores del taller de Fabricación Digital.</p>



<p><strong>2.-&nbsp;</strong>Será requisito el uso de zapatos de seguridad, tanto en el interior, como en el exterior del taller. Queda estrictamente prohibido el ingreso con hawaianas o cualquier tipo de zapato abierto.</p>



<p><strong>3.-&nbsp;</strong>Se prohíbe el uso de audífonos o cualquier elemento que no permita estar atento al entorno.</p>



<p><strong>4.-</strong>&nbsp;Se prohíbe comer y fumar en el taller de Fabricación Digital.</p>



<p><strong>5.-</strong>&nbsp;Se prohíbe el uso de pelo suelto y accesorios colgantes como bufandas, collares, etc.</p>



<p><strong>6.-</strong>&nbsp;Se atenderá y respetará la señalética de seguridad instalada en el taller.</p>



<p><strong>7.-&nbsp;</strong>Queda prohibido dejar material en los pisos, pasillos o corredores del taller.</p>



<p><strong>8.-&nbsp;</strong>El encargado del taller está facultado para impedir el ingreso a las instalaciones y uso de maquinaria o herramientas a quienes no cumplan con este instructivo.</p>
</details>



<details class="wp-block-details is-style-arrow-icon-details has-medium-font-size is-layout-flow wp-block-details-is-layout-flow" style="border-top-style:none;border-top-width:0px;border-right-style:none;border-right-width:0px;border-bottom-color:var(--wp--preset--color--base);border-bottom-style:solid;border-bottom-width:1px;border-left-style:none;border-left-width:0px;margin-top:0"><summary>Normativa – Taller de Fabricación Digital</summary>
<ul class="wp-block-list">
<li>1.-&nbsp;Sólo podrán utilizar el&nbsp;<strong>Taller de Fabricación Digital</strong>&nbsp;alumnos regulares de la&nbsp;<strong>Facultad de Diseño</strong>&nbsp;que hayan participado en las capacitaciones de prevención de riesgos, por lo que se solicitará Credencial Universitaria o Carnet de Identidad, el que será registrado por el encargado del taller.</li>



<li>2.-&nbsp;Respecto a la toma de horas para el uso del taller, el alumno deberá agendar una hora con anticipación según lo establecido en el protocolo del uso del taller de Fabricación Digital.</li>



<li>3.-&nbsp;El alumno deberá estar presente en el taller durante el tiempo de ejecución del trabajo (corte láser y mecanizado router)</li>



<li>4.-&nbsp;El taller sólo podrá ser utilizado en presencia del encargado del taller.</li>



<li>5.-&nbsp;Cada alumno es responsable de las herramientas que utilice, éstas siempre deben ser solicitadas y entregadas al encargado del taller de Fabricación Digital.</li>



<li>6.-&nbsp;El taller de Fabricación Digital no cuenta con material de desgaste (Maderas, brocas, lijas, adhesivos, pinturas, etc.) Tanto el material a mecanizar, como el material de desgaste debe ser provisto por el alumno.</li>



<li>7.-&nbsp;El taller de Fabricación Digital no cuenta con espacio de bodegaje, por lo que no es posible almacenar trabajos en desarrollo en el interior de éste. Sólo el material a ser mecanizado, podrá ser almacenado de manera previa a la ejecución de los trabajos. El encargado del taller tendrá la facultad de decidir la disponibilidad de espacio para este fin. De la misma manera, el encargado del taller podrá eliminar de su interior material sin identificación y retazos.</li>



<li>8.-&nbsp;Se debe ayudar a mantener el orden y aseo del taller, además de cuidar tanto los implementos como equipos utilizados.</li>
</ul>
</details>



<div style="margin-top:var(--wp--preset--spacing--10);margin-bottom:0;height:var(--wp--preset--spacing--10)" aria-hidden="true" class="wp-block-spacer"></div>
</div>



<h2 class="wp-block-heading alignwide has-base-color has-text-color has-link-color wp-elements-c9b5699bdecff18878afa112249018b5" style="font-size:clamp(4.509rem, 4.509rem + ((1vw - 0.2rem) * 9.152), 10rem);letter-spacing:-0.02em">FAQs</h2>
</div>

<p>Bienvenido Para usar el&nbsp;Taller de Fabricación Digital&nbsp;de la facultad de Diseño, primero debes cumplir con una inducción por maquina la cual la podrás agendar dentro de la semana entre las&nbsp;9:00 y las 13:00. Recuerda llevar tu carnet de la Universidad, y acreditar que eres alumno regular de Diseño UDD, se exigirá al momento de reservar [&hellip;]</p>
